{"id":166,"date":"2015-08-06T19:05:36","date_gmt":"2015-08-06T23:35:36","guid":{"rendered":"http:\/\/espromedbio.gob.ve\/?page_id=166"},"modified":"2015-08-06T19:08:10","modified_gmt":"2015-08-06T23:38:10","slug":"nuestra-empresa","status":"publish","type":"page","link":"https:\/\/www.espromedbio.gob.ve\/inicio\/nuestra-empresa\/","title":{"rendered":"Nuestra Empresa"},"content":{"rendered":"<p style=\"text-align: justify;\" align=\"justify\"><span style=\"font-family: Times New Roman,serif;\"><span style=\"font-size: medium;\"><span style=\"font-family: Arial,serif;\"><a href=\"http:\/\/espromedbio.gob.ve\/wp-content\/uploads\/2015\/08\/somos_espromed_historia.png\"><img loading=\"lazy\" class=\"alignleft  wp-image-116\" src=\"http:\/\/espromedbio.gob.ve\/wp-content\/uploads\/2015\/08\/somos_espromed_historia.png\" alt=\"somos_espromed_historia\" width=\"221\" height=\"301\" \/><\/a>El dise\u00f1o y construcci\u00f3n de lo que se denomin\u00f3 Planta Productora de Vacunas del Instituto Nacional de Higiene \u2018Rafael Rangel\u2019 (INHRR) se inici\u00f3 hacia el a\u00f1o 2.000 con un criterio inicial de salvar la producci\u00f3n que exist\u00eda en los antiguos laboratorios de Difteria, T\u00e9tanos, Pertussis y Rabia, vacunas elaboradas por el Instituto desde hac\u00eda muchos a\u00f1os. El proyecto consist\u00eda en \u00e1reas de producci\u00f3n m\u00e1s espaciosas, con m\u00e9todos distintos y m\u00e1s avanzados, pero no de tanta envergadura. <\/span><\/span><\/span><\/p>\n<p style=\"text-align: justify;\" align=\"justify\"><span style=\"font-family: Times New Roman,serif;\"><span style=\"font-size: medium;\"><span style=\"font-family: Arial,serif;\">Del 2.001 al 2.003 se acometieron trabajos de importancia y lo que ser\u00eda una renovaci\u00f3n tecnol\u00f3gica pasando a ser una gran planta productora de vacunas.<\/span><\/span><\/span><\/p>\n<p style=\"text-align: justify;\" align=\"justify\"><span style=\"font-family: Times New Roman,serif;\"><span style=\"font-size: medium;\"><span style=\"font-family: Arial,serif;\"><span lang=\"es-MX\">Entre 2.007 y 2.011 se llevaron a cabo las obras de car\u00e1cter farmac\u00e9utico y el equipamiento de la nueva estructura, <\/span><\/span><span style=\"font-family: Arial,serif;\">comenzando la instalaci\u00f3n de la maquinaria pesada para terminar el equipamiento en 2011. <\/span><\/span><\/span><\/p>\n<p style=\"text-align: justify;\" align=\"justify\"><span style=\"font-family: Times New Roman,serif;\"><span style=\"font-size: medium;\"><span style=\"font-family: Arial,serif;\"><span lang=\"es-MX\">El 12 de junio de 2014, por Decreto Presidencial N\u00famero 1.038 publicado en la Gaceta Oficial de la Rep\u00fablica Bolivariana de Venezuela N\u00ba 40.432, se crea la Empresa Socialista para la Producci\u00f3n de Medicamentos Biol\u00f3gicos, (ESPROMED BIO), C.A. adscrita al Ministerio del Poder Popular para la Salud, a la que se asign\u00f3 un presupuesto inicial de 380 millones de Bol\u00edvares.<\/span><\/span><\/span><\/span><\/p>\n<p style=\"text-align: justify;\" align=\"justify\"><span style=\"font-family: Times New Roman,serif;\"><span style=\"font-size: medium;\"><span style=\"font-family: Arial,serif;\">Todos estos aspectos, han sido convalidados por asesor\u00edas Internacionales especializadas y los mismos, sumados al manejo de las tecnolog\u00edas y de los procesos de producci\u00f3n involucrados, tienen como objetivo primordial la consolidaci\u00f3n de\u00a0<\/span><span style=\"font-family: Arial,serif;\">un importante aporte en el camino hacia la autonom\u00eda nacional en el abastecimiento y disponibilidad de vitales rubros para la salud<\/span><span style=\"font-family: Arial,serif;\">.<\/span><\/span><\/span><\/p>\n<p style=\"text-align: justify;\" align=\"justify\"><span style=\"font-family: Times New Roman,serif;\"><span style=\"font-size: medium;\"><span style=\"font-family: Arial,serif;\">Para la construcci\u00f3n de esta planta fueron consideradas todas las variables relacionadas para garantizar su plena operatividad, incluyendo:<\/span><\/span><\/span><\/p>\n<ul style=\"text-align: justify;\">\n<li>\n<p align=\"justify\"><span style=\"font-family: Arial,serif;\"><span style=\"font-size: medium;\">Talento Humano:<\/span><\/span><\/p>\n<\/li>\n<\/ul>\n<p style=\"text-align: justify;\" align=\"justify\"><span style=\"font-family: Arial,serif;\"><span style=\"font-size: medium;\">Se cuenta con un equipo multidisciplinario con s\u00f3lida formaci\u00f3n y perspectivas de crecimiento acorde a las necesidades.<\/span><\/span><\/p>\n<ul style=\"text-align: justify;\">\n<li>\n<p align=\"justify\"><span style=\"font-family: Arial,serif;\"><span style=\"font-size: medium;\">Infraestructura y servicios:<\/span><\/span><\/p>\n<\/li>\n<\/ul>\n<p style=\"text-align: justify;\" align=\"justify\"><span style=\"font-family: Arial,serif;\"><span style=\"font-size: medium;\">Conformada por todas las instalaciones requeridas para el manejo integral de la producci\u00f3n de manera aut\u00f3noma y con capacidad de adaptaci\u00f3n a requerimientos futuros.<\/span><\/span><\/p>\n<ul style=\"text-align: justify;\">\n<li>\n<p align=\"justify\"><span style=\"font-family: Arial,serif;\"><span style=\"font-size: medium;\">Equipamiento:<\/span><\/span><\/p>\n<\/li>\n<\/ul>\n<p style=\"text-align: justify;\" align=\"justify\"><span style=\"font-family: Arial,serif;\"><span style=\"font-size: medium;\">Minuciosa selecci\u00f3n que consolida una gama de equipos de la m\u00e1s alta tecnolog\u00eda, con amplia garant\u00eda de servicios, partes y vigencia de larga data.<\/span><\/span><\/p>\n","protected":false},"excerpt":{"rendered":"<p>El dise\u00f1o y construcci\u00f3n de lo que se denomin\u00f3 Planta Productora de Vacunas del Instituto Nacional de Higiene \u2018Rafael Rangel\u2019 (INHRR) se inici\u00f3 hacia el a\u00f1o 2.000 con un criterio inicial de salvar la producci\u00f3n que exist\u00eda en los antiguos laboratorios de Difteria, T\u00e9tanos, Pertussis y Rabia, vacunas elaboradas por el Instituto desde hac\u00eda muchos [&hellip;]<\/p>\n","protected":false},"author":1,"featured_media":24,"parent":0,"menu_order":0,"comment_status":"open","ping_status":"open","template":"","meta":[],"_links":{"self":[{"href":"https:\/\/www.espromedbio.gob.ve\/inicio\/wp-json\/wp\/v2\/pages\/166"}],"collection":[{"href":"https:\/\/www.espromedbio.gob.ve\/inicio\/wp-json\/wp\/v2\/pages"}],"about":[{"href":"https:\/\/www.espromedbio.gob.ve\/inicio\/wp-json\/wp\/v2\/types\/page"}],"author":[{"embeddable":true,"href":"https:\/\/www.espromedbio.gob.ve\/inicio\/wp-json\/wp\/v2\/users\/1"}],"replies":[{"embeddable":true,"href":"https:\/\/www.espromedbio.gob.ve\/inicio\/wp-json\/wp\/v2\/comments?post=166"}],"version-history":[{"count":2,"href":"https:\/\/www.espromedbio.gob.ve\/inicio\/wp-json\/wp\/v2\/pages\/166\/revisions"}],"predecessor-version":[{"id":168,"href":"https:\/\/www.espromedbio.gob.ve\/inicio\/wp-json\/wp\/v2\/pages\/166\/revisions\/168"}],"wp:featuredmedia":[{"embeddable":true,"href":"https:\/\/www.espromedbio.gob.ve\/inicio\/wp-json\/wp\/v2\/media\/24"}],"wp:attachment":[{"href":"https:\/\/www.espromedbio.gob.ve\/inicio\/wp-json\/wp\/v2\/media?parent=166"}],"curies":[{"name":"wp","href":"https:\/\/api.w.org\/{rel}","templated":true}]}}