{"id":233,"date":"2015-08-11T23:43:21","date_gmt":"2015-08-12T04:13:21","guid":{"rendered":"http:\/\/espromedbio.gob.ve\/?page_id=233"},"modified":"2015-08-13T20:03:33","modified_gmt":"2015-08-14T00:33:33","slug":"politica-de-la-calidad","status":"publish","type":"page","link":"https:\/\/www.espromedbio.gob.ve\/inicio\/politica-de-la-calidad\/","title":{"rendered":"Pol\u00edtica de la Calidad"},"content":{"rendered":"<p style=\"text-align: justify;\">La Empresa Socialista para la Producci\u00f3n de Medicamentos Biol\u00f3gicos (ESPROMED BIO, C.A.), en cumplimiento con <a href=\"http:\/\/espromedbio.gob.ve\/mision-vision-objeto\/\" target=\"_blank\">nuestra misi\u00f3n<\/a>, tiene como pol\u00edtica aportar beneficios a la calidad de vida de la poblaci\u00f3n venezolana mediante la producci\u00f3n de medicamentos biol\u00f3gicos para la prevenci\u00f3n y tratamiento de enfermedades, ofreciendo productos y servicios de formulaci\u00f3n, envasado y etiquetado de medicamentos biol\u00f3gicos, haciendo uso de nuestros equipos y sistemas de alta tecnolog\u00eda a mercados nacionales e internacionales y desarrollando actividades de investigaci\u00f3n en el \u00e1rea de salud.<\/p>\n<p style=\"text-align: justify;\">La Alta Direcci\u00f3n asume el firme compromiso de proveer medicamentos biol\u00f3gicos y servicios que satisfagan los m\u00e1s altos est\u00e1ndares de calidad, cumpliendo con los requisitos y mejora continua de la eficacia del Sistema de Gesti\u00f3n de la Calidad basado en los est\u00e1ndares internacionales de la Organizaci\u00f3n Internacional de Normalizaci\u00f3n ISO 9001:2008, a trav\u00e9s del establecimiento y revisi\u00f3n de los objetivos de la calidad, con el aporte de los recursos financieros y materiales necesarios, capacitaci\u00f3n t\u00e9cnica, cient\u00edfica y acad\u00e9micamente a su personal y ampliando la transferencia de conocimiento y tecnolog\u00eda con empresas nacionales e internacionales, enmarcado en la Constituci\u00f3n de la Rep\u00fablica Bolivariana de Venezuela y en la normativa legal vigente, garantizando de esta forma una mayor satisfacci\u00f3n de las necesidades de nuestra poblaci\u00f3n, coadyuvando al Estado Venezolano a garantizar la salud como parte del derecho a la vida.<\/p>\n<p style=\"text-align: justify;\">Alentamos a todo el personal a tener presente esta pol\u00edtica, incorporada en el esp\u00edritu impulsor de sus actividades y en concordancia con los objetivos de la empresa (ESPROMED BIO C.A.), participando activamente en la construcci\u00f3n e implementaci\u00f3n de nuestro Sistema de Gesti\u00f3n de la Calidad.<\/p>\n","protected":false},"excerpt":{"rendered":"<p>La Empresa Socialista para la Producci\u00f3n de Medicamentos Biol\u00f3gicos (ESPROMED BIO, C.A.), en cumplimiento con nuestra misi\u00f3n, tiene como pol\u00edtica aportar beneficios a la calidad de vida de la poblaci\u00f3n venezolana mediante la producci\u00f3n de medicamentos biol\u00f3gicos para la prevenci\u00f3n y tratamiento de enfermedades, ofreciendo productos y servicios de formulaci\u00f3n, envasado y etiquetado de medicamentos [&hellip;]<\/p>\n","protected":false},"author":1,"featured_media":0,"parent":0,"menu_order":0,"comment_status":"closed","ping_status":"open","template":"","meta":[],"_links":{"self":[{"href":"https:\/\/www.espromedbio.gob.ve\/inicio\/wp-json\/wp\/v2\/pages\/233"}],"collection":[{"href":"https:\/\/www.espromedbio.gob.ve\/inicio\/wp-json\/wp\/v2\/pages"}],"about":[{"href":"https:\/\/www.espromedbio.gob.ve\/inicio\/wp-json\/wp\/v2\/types\/page"}],"author":[{"embeddable":true,"href":"https:\/\/www.espromedbio.gob.ve\/inicio\/wp-json\/wp\/v2\/users\/1"}],"replies":[{"embeddable":true,"href":"https:\/\/www.espromedbio.gob.ve\/inicio\/wp-json\/wp\/v2\/comments?post=233"}],"version-history":[{"count":6,"href":"https:\/\/www.espromedbio.gob.ve\/inicio\/wp-json\/wp\/v2\/pages\/233\/revisions"}],"predecessor-version":[{"id":320,"href":"https:\/\/www.espromedbio.gob.ve\/inicio\/wp-json\/wp\/v2\/pages\/233\/revisions\/320"}],"wp:attachment":[{"href":"https:\/\/www.espromedbio.gob.ve\/inicio\/wp-json\/wp\/v2\/media?parent=233"}],"curies":[{"name":"wp","href":"https:\/\/api.w.org\/{rel}","templated":true}]}}